= 44*b - 716. Determine i(16).
-12
Let b(t) = t**2 - 26*t - 153. Calculate b(31).
2
Let h(p) = -8*p**3 + 24*p**2 - 11*p - 13. Calculate h(1).
-8
Let a(g) = -g**3 + 16*g**2 + 130*g + 17. Give a(22).
-27
Let u(g) = -2*g**3 + 10*g**2 + 10*g + 6. Determine u(-2).
42
Let o(n) = 555*n + 4437. What is o(-8)?
-3
Let o(b) = -4*b**3 + 8*b**2 + 3*b - 54. What is o(3)?
-81
Let q(h) = -52*h - 2003. Determine q(-39).
25
Let f(n) = 9464*n + 170346. Give f(-18).
-6
Let k(n) = -29*n**3 - 6*n**2 + 8*n + 6. Determine k(-3).
711
Let b(l) = l**3 - 131*l**2 - 1565*l + 432. Give b(142).
6
Let o(t) = -11*t**2 - 127*t + 11. Determine o(-5).
371
Let i(q) = q**2 + 75*q + 1360. Calculate i(-30).
10
Let q(f) = -587*f - 9843. Give q(-17).
136
Let d(u) = 41*u - 1043. Calculate d(26).
23
Let g(d) = 206*d - 1341. Calculate g(7).
101
Let a(d) = -d**2 - 117*d - 2801. Calculate a(-83).
21
Let s(n) = -n**3 - 81*n**2 - 80*n - 33. Give s(-80).
-33
Let k(y) = y + 249. Give k(-44).
205
Let n(u) = -145*u - 26. Calculate n(0).
-26
Let o(i) = 633*i + 4. Calculate o(0).
4
Let k(w) = -w**3 + 66*w**2 + 67*w + 9. Calculate k(67).
9
Let f(x) = -10*x**3 - 8*x**2 - 10*x - 59. Give f(-4).
493
Let c(y) = 2*y**3 - 11*y**2 - y - 5. Calculate c(5).
-35
Let r(p) = -p**3 - 24*p**2 + 474*p + 70. What is r(13)?
-21
Let q(m) = -m**2 - 663*m - 15356. Give q(-24).
-20
Let o(q) = 45*q + 5. Determine o(-2).
-85
Let p(a) = 4*a - 88. Determine p(8).
-56
Let r(f) = -7163*f + 164746. What is r(23)?
-3
Let d(v) = 14*v - 278. Determine d(-3).
-320
Let m(s) = -78*s**3 - 617*s**2 + 48*s - 62. Determine m(-8).
2
Let p(n) = 80*n + 1289. Calculate p(-16).
9
Let h(l) = -l**3 + 8*l**2 + 153*l - 2. Determine h(-9).
-2
Let h(f) = -f**2 - 356*f + 101540. Calculate h(187).
-1
Let w(k) = -k**2 - 25*k - 144. Give w(-16).
0
Let z(x) = 290*x - 11605. What is z(40)?
-5
Let i(c) = 2*c + 41. What is i(-10)?
21
Let i(p) = p**3 + 86*p**2 + 98*p + 8426. Give i(-86).
-2
Let o(p) = 8*p + 165. Give o(-22).
-11
Let a(o) = -o**2 + 876*o + 7960. Give a(-9).
-5
Let d(n) = -2*n**3 + 12*n**2 + 30*n + 1. Determine d(8).
-15
Let u(i) = i**3 - 3*i**2 + 105*i - 322. What is u(3)?
-7
Let v(g) = -47*g + 1200. Give v(25).
25
Let o(r) = r**3 + 6*r**2 - 9*r - 32. What is o(-7)?
-18
Let v(m) = 25*m**2 - 1473*m - 113. Calculate v(59).
5
Let d(w) = 2*w**3 - 4*w**2 + 166. Give d(0).
166
Let d(m) = -9657*m + 67603. Determine d(7).
4
Let a(r) = -1770*r + 28331. Calculate a(16).
11
Let z(f) = 4*f**2 + 5*f + 91. Give z(8).
387
Let g(j) = -3*j**2 + 136*j + 277. Calculate g(-2).
-7
Let k(o) = 2507*o - 10. Determine k(0).
-10
Let n(a) = 94*a + 39. Determine n(0).
39
Let o(v) = 11*v + 952. Give o(-30).
622
Let j(g) = -5*g**3 - 136*g**2 - 156*g - 5. Calculate j(-26).
-5
Let a(z) = 1072*z + 5392. Give a(-5).
32
Let d(z) = -z**2 + 255*z - 1498. Calculate d(6).
-4
Let c(o) = -219*o - 2415. Determine c(-11).
-6
Let u(c) = c**3 + 14*c**2 + 11*c + 38. Calculate u(-14).
-116
Let i(v) = v**3 - 8*v**2 - 22*v + 141. Calculate i(9).
24
Let y(z) = -35*z**2 + 340*z + 170. Calculate y(10).
70
Let m(z) = 2*z**2 + 36*z + 10. Give m(4).
186
Let b(j) = 163*j + 4259. What is b(-26)?
21
Let q(d) = 141*d - 23. Give q(1).
118
Let l(x) = -2*x**3 - 67*x**2 + 37*x + 83. Give l(-34).
-19
Let n(s) = -16*s**2 + 548*s - 144. Give n(34).
-8
Let a(h) = -107*h - 64. What is a(0)?
-64
Let p(f) = f**3 + 11*f**2 - 59*f - 23. What is p(-15)?
-38
Let h(j) = 316*j - 4709. What is h(15)?
31
Let n(i) = -25*i + 132. Give n(6).
-18
Let k(l) = l**3 - l**2 - 267*l + 23. Determine k(-16).
-57
Let j(g) = 2*g**3 + 246*g**2 + 9*g + 1080. Calculate j(-123).
-27
Let w(i) = -2*i**3 - 9*i**2 - 46*i - 111. Give w(-7).
456
Let r(n) = n**2 - 13*n - 125. Determine r(20).
15
Let o(g) = -21*g**2 + 239*g - 79. Give o(11).
9
Let w(r) = 2*r**2 - 4293*r + 17152. Determine w(4).
12
Let o(u) = -u**3 + 29*u**2 + 12*u - 280. Give o(29).
68
Let x(n) = 1243*n - 6224. Determine x(5).
-9
Let p(g) = -24*g**3 + 99*g**2 - 6*g - 9. Give p(4).
15
Let d(i) = -11753*i + 223303. What is d(19)?
-4
Let j(n) = -n**3 - 250*n**2 - 1220*n + 6. Calculate j(-5).
-19
Let g(m) = -350*m + 2121. What is g(6)?
21
Let p(g) = g**3 - 37*g**2 - 70*g + 1213. Calculate p(38).
-3
Let y(f) = 4*f**2 - 28*f + 8. Calculate y(3).
-40
Let r(i) = 6*i + 85. Determine r(-15).
-5
Let a(d) = 2*d**2 + 65*d + 416. Give a(-8).
24
Let v(u) = u**2 - 65*u - 420. Calculate v(-6).
6
Let j(w) = -17*w + 116. Calculate j(7).
-3
Let h(n) = -45*n + 3151. What is h(72)?
-89
Let j(t) = -t + 75. Give j(31).
44
Let r(b) = -114*b - 6. Determine r(-1).
108
Let z(f) = -228*f + 4233. What is z(19)?
-99
Let h(j) = -j**3 + j**2 + 5256*j - 13. What is h(73)?
-13
Let f(k) = k**3 + 24*k**2 + 71*k + 171. Determine f(-21).
3
Let y(i) = -i**3 + 39*i**2 - 316*i - 20. Give y(27).
196
Let r(v) = -305*v - 56116. Determine r(-184).
4
Let y(n) = -n**3 - 18*n**2 - 41*n + 455. Determine y(-11).
59
Let x(z) = -z**3 - 9*z**2 + 15*z + 73. Give x(-10).
23
Let l(q) = -8*q**3 + 124*q**2 - 63*q + 31. Determine l(15).
-14
Let c(r) = 6*r**2 + 3*r - 23. Give c(-2).
-5
Let k(t) = 6*t + 402. Give k(-2).
390
Let b(s) = -18*s**2 - 2*s + 660. What is b(6)?
0
Let c(b) = -72*b + 9718. Determine c(135).
-2
Let m(z) = 3719*z + 18623. What is m(-5)?
28
Let l(z) = -3*z**2 - 90*z - 72. What is l(-29)?
15
Let w(h) = -h**2 - 38*h + 2538. Calculate w(36).
-126
Let a(r) = 8*r**2 - 21*r + 6. Calculate a(6).
168
Let o(n) = -n**2 - 28*n - 63. Give o(-2).
-11
Let m(n) = -n**2 - 88*n - 418. Determine m(-5).
-3
Let h(t) = t**3 + t**2 - 33*t - 296. Give h(8).
16
Let r(y) = -8*y**2 - 79*y - 191. Determine r(-5).
4
Let u(k) = 4*k**2 + 61*k + 539. Determine u(-8).
307
Let n(l) = l**3 + 28*l**2 - 18*l + 8. Give n(-29).
-311
Let u(p) = -142*p - 6539. Determine u(-46).
-7
Let p(a) = -71*a + 826. What is p(12)?
-26
Let h(z) = z**3 + 12*z**2 - 27*z - 15. Determine h(-14).
-29
Let r(t) = -2*t**2 - 4345*t - 30323. What is r(-7)?
-6
Let h(b) = 1146*b - 32097. Determine h(28).
-9
Let v(y) = 18*y**2 - 5*y + 19. Calculate v(-4).
327
Let u(z) = -209*z - 212. What is u(-1)?
-3
Let w(x) = x**2 - 404*x - 1633. Give w(-4).
-1
Let x(b) = -2*b**2 - b + 146. Give x(-8).
26
Let o(a) = 3*a**3 - 14*a**2 - 50*a + 1. Calculate o(7).
-6
Let h(a) = -a**3 - 5*a**2 - 3*a - 3. What is h(-8)?
213
Let g(w) = -2*w**3 - 5*w**2 - 6*w - 11. Give g(-2).
-3
Let d(y) = -39*y**3 + 3*y. What is d(-2)?
306
Let s(k) = 2*k**2 - 16*k - 62. Calculate s(11).
4
Let u(p) = -81*p + 546. Give u(7).
-21
Let i(d) = -4*d**2 + 182*d + 359. Calculate i(-2).
-21
Let w(a) = a**3 + a**2 + 5*a - 152. What is w(0)?
-152
Let b(i) = 71*i - 3023. Determine b(43).
30
Let s(x) = x**3 + 10*x**2 + x + 10. What is s(-11)?
-122
Let a(s) = -s**3 - 22*s**2 + 127*s - 206. Determine a(-27).
10
Let f(u) = -862*u**3 + 4*u**2 + 17*u - 19. Give f(1).
-860
Let v(d) = -d**3 + 15*d - 21. What is v(3)?
-3
Let v(k) = k**3 + 28*k**2 + 107*k + 276. Determine v(-24).
12
Let x(z) = 25*z + 477. Calculate x(-19).
2
Let q(v) = 357*v + 2555. Calculate q(-7).
56
Let h(n) = -152*n + 21584. Determine h(142).
0
Let b(g) = -g**3 - 10*g**2 - 9*g + 58. Determine b(-9).
58
Let l(v) = v**2 + 96*v + 2002. Determine l(-30).
22
Let n(z) = -1859*z - 13015. Calculate n(-7).
-2
Let h(n) = -486*n - 7290. What is h(-15)?
0
Let k(r) = -62*r**2 + 176*r + 356. Give k(-2).
-244
Let c(f) = -5*f - 287. Give c(-61).
18
Let a(i) = 15*i**2 + 15*i + 14. Calculate a(-1).
14
Let w(l) = l**3 + 123*l**2 - 1202*l + 116. Determine w(9).
-10
Let o(a) = -550*a - 1106. Determine o(-2).
-6
Let f(k) = -k**2 - 688*k + 38487. Determine f(52).
7
Let i(a) = a**3 + 9*a**2 - 25*a - 227. What is i(5)?
-2
Let g(v) = 2*v**2 - 32*v + 48. Give g(5).
-62
Let m(b) = b**3 + 26*b**2 - 46*b - 4. What is m(-28)?
-284
Let k(w) = 66*w**2 - 96*w - 104. Calculate k(-1).
58
Let m(s) = 661*s - 23. What is m(0)?
-23
Let d(u) = -2*u**3 - 6*u**2 + 8*u - 11. Calculate d(-6).
157
Let v(s) = -s**3 - 29*s**2 + 22*s - 38. Determine v(-30).
202
Let t(m) = -m**3 - 18*m**2 - 11*m + 75. Give t(-17).
-27
Let h(y) = -201*y - 4819. Calculate h(-24).
5
Let o(g) = -g**3 - 11*g**2 + 9*g - 25. What is o(-11)?
-124
Let s(a) = -49*a**2 + 836*a - 28. Calculate s(17).
23
Let n(o) = -20159*o - 120950. Determine n(-6).
4
Let u(q) = -16*q - 71. What is u(-11)?
105
Let p(x) = x**2 + 38*x - 364. Give p(8).
4
Let 